{"id":2218,"date":"2025-12-03T18:34:47","date_gmt":"2025-12-03T16:34:47","guid":{"rendered":"https:\/\/voltmatic.fi\/?page_id=2218"},"modified":"2026-04-28T11:18:39","modified_gmt":"2026-04-28T08:18:39","slug":"voltmatic-oy","status":"publish","type":"page","link":"https:\/\/voltmatic.fi\/","title":{"rendered":"Voltmatic Oy"},"content":{"rendered":"\t\t<div data-elementor-type=\"wp-page\" data-elementor-id=\"2218\" class=\"elementor elementor-2218\">\n\t\t\t\t<div class=\"elementor-element elementor-element-32e694b e-flex e-con-boxed e-con e-parent\" data-id=\"32e694b\" data-element_type=\"container\" data-e-type=\"container\" data-settings=\"{&quot;background_background&quot;:&quot;classic&quot;}\">\n\t\t\t\t\t<div class=\"e-con-inner\">\n\t\t<div class=\"elementor-element elementor-element-e5f153d e-con-full e-flex e-con e-child\" data-id=\"e5f153d\" data-element_type=\"container\" data-e-type=\"container\" data-settings=\"{&quot;background_background&quot;:&quot;classic&quot;}\">\n\t\t<div class=\"elementor-element elementor-element-6b96407 e-con-full e-flex e-con e-child\" data-id=\"6b96407\" data-element_type=\"container\" data-e-type=\"container\" data-settings=\"{&quot;background_background&quot;:&quot;classic&quot;}\">\n\t\t\t\t<div class=\"elementor-element elementor-element-e977842 elementor-widget elementor-widget-image\" data-id=\"e977842\" data-element_type=\"widget\" data-e-type=\"widget\" data-widget_type=\"image.default\">\n\t\t\t\t<div class=\"elementor-widget-container\">\n\t\t\t\t\t\t\t\t\t\t\t\t\t\t\t<img decoding=\"async\" src=\"https:\/\/voltmatic.fi\/wp-content\/uploads\/elementor\/thumbs\/logo-transparent-rmmdgtg2i7gq4yvf0qt31ls2m02x0djh5f67msphow.png\" title=\"logo-transparent\" alt=\"logo-transparent\" loading=\"lazy\" \/>\t\t\t\t\t\t\t\t\t\t\t\t\t\t\t<\/div>\n\t\t\t\t<\/div>\n\t\t\t\t<div class=\"elementor-element elementor-element-dbe1425 elementor-widget elementor-widget-text-editor\" data-id=\"dbe1425\" data-element_type=\"widget\" data-e-type=\"widget\" data-widget_type=\"text-editor.default\">\n\t\t\t\t<div class=\"elementor-widget-container\">\n\t\t\t\t\t\t\t\t\t<p>Voltmatic Oy<\/p>\t\t\t\t\t\t\t\t<\/div>\n\t\t\t\t<\/div>\n\t\t\t\t<\/div>\n\t\t<div class=\"elementor-element elementor-element-9dcc488 e-con-full e-flex e-con e-child\" data-id=\"9dcc488\" data-element_type=\"container\" data-e-type=\"container\">\n\t\t\t\t<div class=\"elementor-element elementor-element-4b4a7a2 elementor-align-left elementor-widget elementor-widget-button\" data-id=\"4b4a7a2\" data-element_type=\"widget\" data-e-type=\"widget\" data-widget_type=\"button.default\">\n\t\t\t\t<div class=\"elementor-widget-container\">\n\t\t\t\t\t\t\t\t\t<div class=\"elementor-button-wrapper\">\n\t\t\t\t\t<a class=\"elementor-button elementor-button-link elementor-size-sm\" href=\"#palvelut\">\n\t\t\t\t\t\t<span class=\"elementor-button-content-wrapper\">\n\t\t\t\t\t\t\t\t\t<span class=\"elementor-button-text\">Palvelut<\/span>\n\t\t\t\t\t<\/span>\n\t\t\t\t\t<\/a>\n\t\t\t\t<\/div>\n\t\t\t\t\t\t\t\t<\/div>\n\t\t\t\t<\/div>\n\t\t\t\t<div class=\"elementor-element elementor-element-0ead27f elementor-align-left elementor-widget elementor-widget-button\" data-id=\"0ead27f\" data-element_type=\"widget\" data-e-type=\"widget\" data-widget_type=\"button.default\">\n\t\t\t\t<div class=\"elementor-widget-container\">\n\t\t\t\t\t\t\t\t\t<div class=\"elementor-button-wrapper\">\n\t\t\t\t\t<a class=\"elementor-button elementor-button-link elementor-size-sm\" href=\"#yhteystiedot\">\n\t\t\t\t\t\t<span class=\"elementor-button-content-wrapper\">\n\t\t\t\t\t\t\t\t\t<span class=\"elementor-button-text\">Yhteystiedot<\/span>\n\t\t\t\t\t<\/span>\n\t\t\t\t\t<\/a>\n\t\t\t\t<\/div>\n\t\t\t\t\t\t\t\t<\/div>\n\t\t\t\t<\/div>\n\t\t\t\t<\/div>\n\t\t\t\t<\/div>\n\t\t\t\t\t<\/div>\n\t\t\t\t<\/div>\n\t\t<div class=\"elementor-element elementor-element-ff485cd e-flex e-con-boxed e-con e-parent\" data-id=\"ff485cd\" data-element_type=\"container\" data-e-type=\"container\" data-settings=\"{&quot;background_background&quot;:&quot;classic&quot;}\">\n\t\t\t\t\t<div class=\"e-con-inner\">\n\t\t<div class=\"elementor-element elementor-element-e4a2792 e-con-full e-flex e-con e-child\" data-id=\"e4a2792\" data-element_type=\"container\" data-e-type=\"container\">\n\t\t\t\t<div class=\"elementor-element elementor-element-b82c6fc elementor-widget elementor-widget-text-editor\" data-id=\"b82c6fc\" data-element_type=\"widget\" data-e-type=\"widget\" data-widget_type=\"text-editor.default\">\n\t\t\t\t<div class=\"elementor-widget-container\">\n\t\t\t\t\t\t\t\t\t<p><strong>Voltmatic Oy<\/strong> on erikoistunut kiinteist\u00f6jen ovi- ja porttij\u00e4rjestelmien huoltoon, korjaukseen ja asennukseen. Huollamme ja korjaamme kaikki ovi- ja porttityypit valmistajasta riippumatta.<\/p><p>Autamme vikatilanteissa nopeasti ja palautamme laitteet toimintakuntoon. Sopimusasiakkaille tarjoamme <strong>24\/7-vikap\u00e4ivystyst\u00e4.<\/strong><\/p><p>Modernisoimme my\u00f6s olemassa olevia j\u00e4rjestelmi\u00e4: muutamme manuaaliset ovet ja portit s\u00e4hk\u00f6toimisiksi sek\u00e4 p\u00e4ivit\u00e4mme laitteita nykyaikaisiksi ja turvallisemmiksi.<\/p><p>Palvelemme erityisesti yrityksi\u00e4 ja taloyhti\u00f6it\u00e4. Toimimme Nurmij\u00e4rvelt\u00e4 k\u00e4sin ja tarjoamme asiakkaillemme luotettavaa, kustannustehokasta ja korkealaatuista palvelua vuosien kokemuksella.<\/p>\t\t\t\t\t\t\t\t<\/div>\n\t\t\t\t<\/div>\n\t\t\t\t<\/div>\n\t\t\t\t\t<\/div>\n\t\t\t\t<\/div>\n\t\t<div class=\"elementor-element elementor-element-53bfd40 e-flex e-con-boxed e-con e-parent\" data-id=\"53bfd40\" data-element_type=\"container\" data-e-type=\"container\" id=\"palvelut\">\n\t\t\t\t\t<div class=\"e-con-inner\">\n\t\t\t\t<div class=\"elementor-element elementor-element-9a6e300 elementor-widget elementor-widget-heading\" data-id=\"9a6e300\" data-element_type=\"widget\" data-e-type=\"widget\" data-widget_type=\"heading.default\">\n\t\t\t\t<div class=\"elementor-widget-container\">\n\t\t\t\t\t<h2 class=\"elementor-heading-title elementor-size-default\">Palvelumme<\/h2>\t\t\t\t<\/div>\n\t\t\t\t<\/div>\n\t\t<div class=\"elementor-element elementor-element-29f974a e-con-full e-flex e-con e-child\" data-id=\"29f974a\" data-element_type=\"container\" data-e-type=\"container\">\n\t\t<div class=\"elementor-element elementor-element-d8522af e-con-full e-flex e-con e-child\" data-id=\"d8522af\" data-element_type=\"container\" data-e-type=\"container\" data-settings=\"{&quot;background_background&quot;:&quot;classic&quot;}\">\n\t\t\t\t<div class=\"elementor-element elementor-element-b15b871 elementor-view-default elementor-widget elementor-widget-icon\" data-id=\"b15b871\" data-element_type=\"widget\" data-e-type=\"widget\" data-widget_type=\"icon.default\">\n\t\t\t\t<div class=\"elementor-widget-container\">\n\t\t\t\t\t\t\t<div class=\"elementor-icon-wrapper\">\n\t\t\t<div class=\"elementor-icon\">\n\t\t\t<svg xmlns=\"http:\/\/www.w3.org\/2000\/svg\" viewBox=\"0 0 640 640\"><path d=\"M415.9 274.5C428.1 271.2 440.9 277 446.4 288.3L465 325.9C475.3 327.3 485.4 330.1 494.9 334L529.9 310.7C540.4 303.7 554.3 305.1 563.2 314L582.4 333.2C591.3 342.1 592.7 356.1 585.7 366.5L562.4 401.4C564.3 406.1 566 411 567.4 416.1C568.8 421.2 569.7 426.2 570.4 431.3L608.1 449.9C619.4 455.5 625.2 468.3 621.9 480.4L614.9 506.6C611.6 518.7 600.3 526.9 587.7 526.1L545.7 523.4C539.4 531.5 532.1 539 523.8 545.4L526.5 587.3C527.3 599.9 519.1 611.3 507 614.5L480.8 621.5C468.6 624.8 455.9 619 450.3 607.7L431.7 570.1C421.4 568.7 411.3 565.9 401.8 562L366.8 585.3C356.3 592.3 342.4 590.9 333.5 582L314.3 562.8C305.4 553.9 304 540 311 529.5L334.3 494.5C332.4 489.8 330.7 484.9 329.3 479.8C327.9 474.7 327 469.6 326.3 464.6L288.6 446C277.3 440.4 271.6 427.6 274.8 415.5L281.8 389.3C285.1 377.2 296.4 369 309 369.8L350.9 372.5C357.2 364.4 364.5 356.9 372.8 350.5L370.1 308.7C369.3 296.1 377.5 284.7 389.6 281.5L415.8 274.5zM448.4 404C424.1 404 404.4 423.7 404.5 448.1C404.5 472.4 424.2 492 448.5 492C472.8 492 492.5 472.3 492.5 448C492.4 423.6 472.7 404 448.4 404zM224.9 18.5L251.1 25.5C263.2 28.8 271.4 40.2 270.6 52.7L267.9 94.5C276.2 100.9 283.5 108.3 289.8 116.5L331.8 113.8C344.3 113 355.7 121.2 359 133.3L366 159.5C369.2 171.6 363.5 184.4 352.2 190L314.5 208.6C313.8 213.7 312.8 218.8 311.5 223.8C310.2 228.8 308.4 233.8 306.5 238.5L329.8 273.5C336.8 284 335.4 297.9 326.5 306.8L307.3 326C298.4 334.9 284.5 336.3 274 329.3L239 306C229.5 309.9 219.4 312.7 209.1 314.1L190.5 351.7C184.9 363 172.1 368.7 160 365.5L133.8 358.5C121.6 355.2 113.5 343.8 114.3 331.3L117 289.4C108.7 283 101.4 275.6 95.1 267.4L53.1 270.1C40.6 270.9 29.2 262.7 25.9 250.6L18.9 224.4C15.7 212.3 21.4 199.5 32.7 193.9L70.4 175.3C71.1 170.2 72.1 165.2 73.4 160.1C74.8 155 76.4 150.1 78.4 145.4L55.1 110.5C48.1 100 49.5 86.1 58.4 77.2L77.6 58C86.5 49.1 100.4 47.7 110.9 54.7L145.9 78C155.4 74.1 165.5 71.3 175.8 69.9L194.4 32.3C200 21 212.7 15.3 224.9 18.5zM192.4 148C168.1 148 148.4 167.7 148.4 192C148.4 216.3 168.1 236 192.4 236C216.7 236 236.4 216.3 236.4 192C236.4 167.7 216.7 148 192.4 148z\"><\/path><\/svg>\t\t\t<\/div>\n\t\t<\/div>\n\t\t\t\t\t\t<\/div>\n\t\t\t\t<\/div>\n\t\t\t\t<div class=\"elementor-element elementor-element-c439641 elementor-widget elementor-widget-text-editor\" data-id=\"c439641\" data-element_type=\"widget\" data-e-type=\"widget\" data-widget_type=\"text-editor.default\">\n\t\t\t\t<div class=\"elementor-widget-container\">\n\t\t\t\t\t\t\t\t\t<h2 style=\"text-align: center;\">Kunnossapito<\/h2><p>Huollot ja kuntokartoitukset<br \/>Vianhaku ja korjaukset<br \/>Huoltosopimukset<\/p><p>Vikap\u00e4ivystys <strong>24\/7<\/strong><br \/>(sopimusasiakkaille)<\/p>\t\t\t\t\t\t\t\t<\/div>\n\t\t\t\t<\/div>\n\t\t\t\t<\/div>\n\t\t<div class=\"elementor-element elementor-element-3ba128b e-con-full e-flex e-con e-child\" data-id=\"3ba128b\" data-element_type=\"container\" data-e-type=\"container\" data-settings=\"{&quot;background_background&quot;:&quot;classic&quot;}\">\n\t\t\t\t<div class=\"elementor-element elementor-element-3391155 elementor-view-default elementor-widget elementor-widget-icon\" data-id=\"3391155\" data-element_type=\"widget\" data-e-type=\"widget\" data-widget_type=\"icon.default\">\n\t\t\t\t<div class=\"elementor-widget-container\">\n\t\t\t\t\t\t\t<div class=\"elementor-icon-wrapper\">\n\t\t\t<div class=\"elementor-icon\">\n\t\t\t<svg xmlns=\"http:\/\/www.w3.org\/2000\/svg\" viewBox=\"0 0 640 640\"><path d=\"M240 88C240 74.7 229.3 64 216 64C202.7 64 192 74.7 192 88L192 128C156.7 128 128 156.7 128 192L88 192C74.7 192 64 202.7 64 216C64 229.3 74.7 240 88 240L128 240L128 296L88 296C74.7 296 64 306.7 64 320C64 333.3 74.7 344 88 344L128 344L128 400L88 400C74.7 400 64 410.7 64 424C64 437.3 74.7 448 88 448L128 448C128 483.3 156.7 512 192 512L192 552C192 565.3 202.7 576 216 576C229.3 576 240 565.3 240 552L240 512L296 512L296 552C296 565.3 306.7 576 320 576C333.3 576 344 565.3 344 552L344 512L400 512L400 552C400 565.3 410.7 576 424 576C437.3 576 448 565.3 448 552L448 512C483.3 512 512 483.3 512 448L552 448C565.3 448 576 437.3 576 424C576 410.7 565.3 400 552 400L512 400L512 344L552 344C565.3 344 576 333.3 576 320C576 306.7 565.3 296 552 296L512 296L512 240L552 240C565.3 240 576 229.3 576 216C576 202.7 565.3 192 552 192L512 192C512 156.7 483.3 128 448 128L448 88C448 74.7 437.3 64 424 64C410.7 64 400 74.7 400 88L400 128L344 128L344 88C344 74.7 333.3 64 320 64C306.7 64 296 74.7 296 88L296 128L240 128L240 88zM224 192L416 192C433.7 192 448 206.3 448 224L448 416C448 433.7 433.7 448 416 448L224 448C206.3 448 192 433.7 192 416L192 224C192 206.3 206.3 192 224 192zM240 240L240 400L400 400L400 240L240 240z\"><\/path><\/svg>\t\t\t<\/div>\n\t\t<\/div>\n\t\t\t\t\t\t<\/div>\n\t\t\t\t<\/div>\n\t\t\t\t<div class=\"elementor-element elementor-element-4d5cdf6 elementor-widget elementor-widget-text-editor\" data-id=\"4d5cdf6\" data-element_type=\"widget\" data-e-type=\"widget\" data-widget_type=\"text-editor.default\">\n\t\t\t\t<div class=\"elementor-widget-container\">\n\t\t\t\t\t\t\t\t\t<h2 style=\"text-align: center;\">Laitteistot<\/h2><p>Tarjoamme asiantuntemuksemme lis\u00e4ksi varaosat ja tuotteet seuraaviin laitteistoihin: teollisuusovet, nosto-ovet, taitto-ovet, liukuovet, k\u00e4\u00e4nt\u00f6ovikoneistot, liuku- ja k\u00e4\u00e4nt\u00f6portit sek\u00e4 kuormaussillat.\u00a0<\/p>\t\t\t\t\t\t\t\t<\/div>\n\t\t\t\t<\/div>\n\t\t\t\t<\/div>\n\t\t<div class=\"elementor-element elementor-element-6b8edf3 e-con-full e-flex e-con e-child\" data-id=\"6b8edf3\" data-element_type=\"container\" data-e-type=\"container\" data-settings=\"{&quot;background_background&quot;:&quot;classic&quot;}\">\n\t\t\t\t<div class=\"elementor-element elementor-element-862978d elementor-view-default elementor-widget elementor-widget-icon\" data-id=\"862978d\" data-element_type=\"widget\" data-e-type=\"widget\" data-widget_type=\"icon.default\">\n\t\t\t\t<div class=\"elementor-widget-container\">\n\t\t\t\t\t\t\t<div class=\"elementor-icon-wrapper\">\n\t\t\t<div class=\"elementor-icon\">\n\t\t\t<svg xmlns=\"http:\/\/www.w3.org\/2000\/svg\" viewBox=\"0 0 640 640\"><path d=\"M434.8 54.1C446.7 62.7 451.1 78.3 445.7 91.9L367.3 288L512 288C525.5 288 537.5 296.4 542.1 309.1C546.7 321.8 542.8 336 532.5 344.6L244.5 584.6C233.2 594 217.1 594.5 205.2 585.9C193.3 577.3 188.9 561.7 194.3 548.1L272.7 352L128 352C114.5 352 102.5 343.6 97.9 330.9C93.3 318.2 97.2 304 107.5 295.4L395.5 55.4C406.8 46 422.9 45.5 434.8 54.1z\"><\/path><\/svg>\t\t\t<\/div>\n\t\t<\/div>\n\t\t\t\t\t\t<\/div>\n\t\t\t\t<\/div>\n\t\t\t\t<div class=\"elementor-element elementor-element-a6905f7 elementor-widget elementor-widget-text-editor\" data-id=\"a6905f7\" data-element_type=\"widget\" data-e-type=\"widget\" data-widget_type=\"text-editor.default\">\n\t\t\t\t<div class=\"elementor-widget-container\">\n\t\t\t\t\t\t\t\t\t<h2 style=\"text-align: center;\">S\u00e4hk\u00f6 &amp; Automaatio<\/h2><p>Toisin kuin monet muut toimijat, hoidamme kaikki s\u00e4hk\u00f6- ja automaatioty\u00f6t itse. Voit tilata meilt\u00e4 my\u00f6s muita kiinteist\u00f6n s\u00e4hk\u00f6t\u00f6it\u00e4 erillisen\u00e4 k\u00e4yntin\u00e4 tai kustannustehokkaasti huoltok\u00e4yntien yhteydess\u00e4.<\/p>\t\t\t\t\t\t\t\t<\/div>\n\t\t\t\t<\/div>\n\t\t\t\t<\/div>\n\t\t\t\t<\/div>\n\t\t\t\t\t<\/div>\n\t\t\t\t<\/div>\n\t\t<div class=\"elementor-element elementor-element-132f497 e-flex e-con-boxed e-con e-parent\" data-id=\"132f497\" data-element_type=\"container\" data-e-type=\"container\" id=\"yhteystiedot\" data-settings=\"{&quot;background_background&quot;:&quot;classic&quot;}\">\n\t\t\t\t\t<div class=\"e-con-inner\">\n\t\t\t\t<div class=\"elementor-element elementor-element-598adb8 elementor-widget elementor-widget-heading\" data-id=\"598adb8\" data-element_type=\"widget\" data-e-type=\"widget\" data-widget_type=\"heading.default\">\n\t\t\t\t<div class=\"elementor-widget-container\">\n\t\t\t\t\t<h2 class=\"elementor-heading-title elementor-size-default\">Yhteystiedot<\/h2>\t\t\t\t<\/div>\n\t\t\t\t<\/div>\n\t\t<div class=\"elementor-element elementor-element-fabd800 e-con-full e-flex e-con e-child\" data-id=\"fabd800\" data-element_type=\"container\" data-e-type=\"container\">\n\t\t<div class=\"elementor-element elementor-element-12dc918 e-con-full e-flex e-con e-child\" data-id=\"12dc918\" data-element_type=\"container\" data-e-type=\"container\" data-settings=\"{&quot;background_background&quot;:&quot;classic&quot;}\">\n\t\t\t\t<div class=\"elementor-element elementor-element-b825824 elementor-widget elementor-widget-image\" data-id=\"b825824\" data-element_type=\"widget\" data-e-type=\"widget\" data-widget_type=\"image.default\">\n\t\t\t\t<div class=\"elementor-widget-container\">\n\t\t\t\t\t\t\t\t\t\t\t\t\t\t\t<img fetchpriority=\"high\" decoding=\"async\" width=\"225\" height=\"300\" src=\"https:\/\/voltmatic.fi\/wp-content\/uploads\/2026\/03\/panu-225x300.png\" class=\"attachment-medium size-medium wp-image-2307\" alt=\"\" srcset=\"https:\/\/voltmatic.fi\/wp-content\/uploads\/2026\/03\/panu-225x300.png 225w, https:\/\/voltmatic.fi\/wp-content\/uploads\/2026\/03\/panu-768x1024.png 768w, https:\/\/voltmatic.fi\/wp-content\/uploads\/2026\/03\/panu.png 1000w\" sizes=\"(max-width: 225px) 100vw, 225px\" \/>\t\t\t\t\t\t\t\t\t\t\t\t\t\t\t<\/div>\n\t\t\t\t<\/div>\n\t\t\t\t<div class=\"elementor-element elementor-element-4ab1901 elementor-widget elementor-widget-heading\" data-id=\"4ab1901\" data-element_type=\"widget\" data-e-type=\"widget\" data-widget_type=\"heading.default\">\n\t\t\t\t<div class=\"elementor-widget-container\">\n\t\t\t\t\t<h5 class=\"elementor-heading-title elementor-size-default\">Panu Pylkk\u00f6nen<\/h5>\t\t\t\t<\/div>\n\t\t\t\t<\/div>\n\t\t<div class=\"elementor-element elementor-element-428338b e-con-full e-flex e-con e-child\" data-id=\"428338b\" data-element_type=\"container\" data-e-type=\"container\">\n\t\t<div class=\"elementor-element elementor-element-8d0a24a e-con-full e-flex e-con e-child\" data-id=\"8d0a24a\" data-element_type=\"container\" data-e-type=\"container\">\n\t\t\t\t<div class=\"elementor-element elementor-element-30ccfcf elementor-view-default elementor-widget elementor-widget-icon\" data-id=\"30ccfcf\" data-element_type=\"widget\" data-e-type=\"widget\" data-widget_type=\"icon.default\">\n\t\t\t\t<div class=\"elementor-widget-container\">\n\t\t\t\t\t\t\t<div class=\"elementor-icon-wrapper\">\n\t\t\t<div class=\"elementor-icon\">\n\t\t\t<i aria-hidden=\"true\" class=\"fas fa-phone-square-alt\"><\/i>\t\t\t<\/div>\n\t\t<\/div>\n\t\t\t\t\t\t<\/div>\n\t\t\t\t<\/div>\n\t\t\t\t<div class=\"elementor-element elementor-element-90e0470 elementor-widget elementor-widget-text-editor\" data-id=\"90e0470\" data-element_type=\"widget\" data-e-type=\"widget\" data-widget_type=\"text-editor.default\">\n\t\t\t\t<div class=\"elementor-widget-container\">\n\t\t\t\t\t\t\t\t\t<h6 style=\"text-align: left;\"><a href=\"tel:+358405542010\">0405542010<\/a><\/h6>\t\t\t\t\t\t\t\t<\/div>\n\t\t\t\t<\/div>\n\t\t\t\t<\/div>\n\t\t<div class=\"elementor-element elementor-element-41532e7 e-flex e-con-boxed e-con e-child\" data-id=\"41532e7\" data-element_type=\"container\" data-e-type=\"container\">\n\t\t\t\t\t<div class=\"e-con-inner\">\n\t\t\t\t<div class=\"elementor-element elementor-element-8a333a0 elementor-view-default elementor-widget elementor-widget-icon\" data-id=\"8a333a0\" data-element_type=\"widget\" data-e-type=\"widget\" data-widget_type=\"icon.default\">\n\t\t\t\t<div class=\"elementor-widget-container\">\n\t\t\t\t\t\t\t<div class=\"elementor-icon-wrapper\">\n\t\t\t<div class=\"elementor-icon\">\n\t\t\t<i aria-hidden=\"true\" class=\"fas fa-envelope\"><\/i>\t\t\t<\/div>\n\t\t<\/div>\n\t\t\t\t\t\t<\/div>\n\t\t\t\t<\/div>\n\t\t\t\t<div class=\"elementor-element elementor-element-89ad114 elementor-widget elementor-widget-text-editor\" data-id=\"89ad114\" data-element_type=\"widget\" data-e-type=\"widget\" data-widget_type=\"text-editor.default\">\n\t\t\t\t<div class=\"elementor-widget-container\">\n\t\t\t\t\t\t\t\t\t<h6><a href=\"mailto:panu@voltmatic.fi\">panu@voltmatic.fi<\/a><\/h6>\t\t\t\t\t\t\t\t<\/div>\n\t\t\t\t<\/div>\n\t\t\t\t\t<\/div>\n\t\t\t\t<\/div>\n\t\t<div class=\"elementor-element elementor-element-5516b10 e-flex e-con-boxed e-con e-child\" data-id=\"5516b10\" data-element_type=\"container\" data-e-type=\"container\">\n\t\t\t\t\t<div class=\"e-con-inner\">\n\t\t\t\t<div class=\"elementor-element elementor-element-84ad1f8 elementor-view-default elementor-widget elementor-widget-icon\" data-id=\"84ad1f8\" data-element_type=\"widget\" data-e-type=\"widget\" data-widget_type=\"icon.default\">\n\t\t\t\t<div class=\"elementor-widget-container\">\n\t\t\t\t\t\t\t<div class=\"elementor-icon-wrapper\">\n\t\t\t<div class=\"elementor-icon\">\n\t\t\t<i aria-hidden=\"true\" class=\"fas fa-map-marker-alt\"><\/i>\t\t\t<\/div>\n\t\t<\/div>\n\t\t\t\t\t\t<\/div>\n\t\t\t\t<\/div>\n\t\t\t\t<div class=\"elementor-element elementor-element-dadaca5 elementor-widget elementor-widget-text-editor\" data-id=\"dadaca5\" data-element_type=\"widget\" data-e-type=\"widget\" data-widget_type=\"text-editor.default\">\n\t\t\t\t<div class=\"elementor-widget-container\">\n\t\t\t\t\t\t\t\t\t<h6>01900, Nurmij\u00e4rvi<\/h6>\t\t\t\t\t\t\t\t<\/div>\n\t\t\t\t<\/div>\n\t\t\t\t\t<\/div>\n\t\t\t\t<\/div>\n\t\t\t\t<\/div>\n\t\t\t\t<\/div>\n\t\t\t\t<\/div>\n\t\t\t\t\t<\/div>\n\t\t\t\t<\/div>\n\t\t<div class=\"elementor-element elementor-element-eb7d026 e-con-full e-flex e-con e-parent\" data-id=\"eb7d026\" data-element_type=\"container\" data-e-type=\"container\" data-settings=\"{&quot;background_background&quot;:&quot;classic&quot;}\">\n\t\t<div class=\"elementor-element elementor-element-aca180f e-con-full e-flex e-con e-child\" data-id=\"aca180f\" data-element_type=\"container\" data-e-type=\"container\">\n\t\t\t\t<div class=\"elementor-element elementor-element-b38def5 elementor-widget elementor-widget-image\" data-id=\"b38def5\" data-element_type=\"widget\" data-e-type=\"widget\" data-widget_type=\"image.default\">\n\t\t\t\t<div class=\"elementor-widget-container\">\n\t\t\t\t\t\t\t\t\t\t\t\t\t\t\t\t<a href=\"https:\/\/www.yrittajat.fi\/yritykset\/voltmatic-oy\/\">\n\t\t\t\t\t\t\t<img decoding=\"async\" width=\"250\" height=\"84\" src=\"https:\/\/voltmatic.fi\/wp-content\/uploads\/2026\/04\/w_SY_nurmijarvi_RGB_sininen.png\" class=\"attachment-medium size-medium wp-image-2343\" alt=\"\" \/>\t\t\t\t\t\t\t\t<\/a>\n\t\t\t\t\t\t\t\t\t\t\t\t\t\t\t<\/div>\n\t\t\t\t<\/div>\n\t\t\t\t<div class=\"elementor-element elementor-element-3f9527b elementor-widget elementor-widget-image\" data-id=\"3f9527b\" data-element_type=\"widget\" data-e-type=\"widget\" data-widget_type=\"image.default\">\n\t\t\t\t<div class=\"elementor-widget-container\">\n\t\t\t\t\t\t\t\t\t\t\t\t\t\t\t<img decoding=\"async\" width=\"300\" height=\"141\" src=\"https:\/\/voltmatic.fi\/wp-content\/uploads\/2026\/04\/luotettava-kumppani-logo-vihrea-300x141.png\" class=\"attachment-medium size-medium wp-image-2339\" alt=\"\" srcset=\"https:\/\/voltmatic.fi\/wp-content\/uploads\/2026\/04\/luotettava-kumppani-logo-vihrea-300x141.png 300w, https:\/\/voltmatic.fi\/wp-content\/uploads\/2026\/04\/luotettava-kumppani-logo-vihrea.png 425w\" sizes=\"(max-width: 300px) 100vw, 300px\" \/>\t\t\t\t\t\t\t\t\t\t\t\t\t\t\t<\/div>\n\t\t\t\t<\/div>\n\t\t\t\t<\/div>\n\t\t\t\t<div class=\"elementor-element elementor-element-a1ddac5 elementor-widget elementor-widget-text-editor\" data-id=\"a1ddac5\" data-element_type=\"widget\" data-e-type=\"widget\" data-widget_type=\"text-editor.default\">\n\t\t\t\t<div class=\"elementor-widget-container\">\n\t\t\t\t\t\t\t\t\t<p style=\"text-align: left;\">\u00a9 Voltmatic Oy \/\/ Y-tunnus: <code>3543488-8<\/code><\/p>\t\t\t\t\t\t\t\t<\/div>\n\t\t\t\t<\/div>\n\t\t\t\t<\/div>\n\t\t<div class=\"elementor-element elementor-element-da2896e e-flex e-con-boxed e-con e-parent\" data-id=\"da2896e\" data-element_type=\"container\" data-e-type=\"container\">\n\t\t\t\t\t<div class=\"e-con-inner\">\n\t\t\t\t\t<\/div>\n\t\t\t\t<\/div>\n\t\t\t\t<\/div>\n\t\t","protected":false},"excerpt":{"rendered":"<p>Voltmatic Oy Palvelut Yhteystiedot Voltmatic Oy on erikoistunut kiinteist\u00f6jen ovi- ja porttij\u00e4rjestelmien huoltoon, korjaukseen ja asennukseen. Huollamme ja korjaamme kaikki ovi- ja porttityypit valmistajasta riippumatta. Autamme vikatilanteissa nopeasti ja palautamme laitteet toimintakuntoon. Sopimusasiakkaille tarjoamme 24\/7-vikap\u00e4ivystyst\u00e4. Modernisoimme my\u00f6s olemassa olevia j\u00e4rjestelmi\u00e4: muutamme manuaaliset ovet ja portit s\u00e4hk\u00f6toimisiksi sek\u00e4 p\u00e4ivit\u00e4mme laitteita nykyaikaisiksi ja turvallisemmiksi. Palvelemme erityisesti yrityksi\u00e4 [&hellip;]<\/p>\n","protected":false},"author":1,"featured_media":0,"parent":0,"menu_order":0,"comment_status":"closed","ping_status":"closed","template":"elementor_canvas","meta":{"footnotes":""},"class_list":["post-2218","page","type-page","status-publish","hentry"],"_links":{"self":[{"href":"https:\/\/voltmatic.fi\/index.php?rest_route=\/wp\/v2\/pages\/2218","targetHints":{"allow":["GET"]}}],"collection":[{"href":"https:\/\/voltmatic.fi\/index.php?rest_route=\/wp\/v2\/pages"}],"about":[{"href":"https:\/\/voltmatic.fi\/index.php?rest_route=\/wp\/v2\/types\/page"}],"author":[{"embeddable":true,"href":"https:\/\/voltmatic.fi\/index.php?rest_route=\/wp\/v2\/users\/1"}],"replies":[{"embeddable":true,"href":"https:\/\/voltmatic.fi\/index.php?rest_route=%2Fwp%2Fv2%2Fcomments&post=2218"}],"version-history":[{"count":20,"href":"https:\/\/voltmatic.fi\/index.php?rest_route=\/wp\/v2\/pages\/2218\/revisions"}],"predecessor-version":[{"id":2374,"href":"https:\/\/voltmatic.fi\/index.php?rest_route=\/wp\/v2\/pages\/2218\/revisions\/2374"}],"wp:attachment":[{"href":"https:\/\/voltmatic.fi\/index.php?rest_route=%2Fwp%2Fv2%2Fmedia&parent=2218"}],"curies":[{"name":"wp","href":"https:\/\/api.w.org\/{rel}","templated":true}]}}